te h(24).
-5
Let f(m) = -22*m**2 + 174*m - 2. What is f(8)?
-18
Let f(j) = -j**3 - 65*j**2 - 62*j + 114. Determine f(-64).
-14
Let d(a) = 20*a**2 - 7*a + 10. What is d(2)?
76
Let s(g) = 66*g - 216. What is s(4)?
48
Let x(m) = 4*m**3 - 7*m**2 - m + 5. Determine x(3).
47
Let l(b) = b**3 - 11*b**2 - 36*b + 280. What is l(12)?
-8
Let i(g) = -g**2 - 16*g - 35. Give i(-14).
-7
Let i(s) = -8*s + 393. What is i(33)?
129
Let v(o) = 2*o**2 - 57*o + 444. Calculate v(16).
44
Let a(y) = 59*y - 765. Determine a(16).
179
Let g(y) = -y**2 + 40*y - 250. Determine g(31).
29
Let k(g) = -2*g**2 - 41*g - 75. Give k(-27).
-426
Let u(x) = -2*x**2 - 4*x + 135. Give u(9).
-63
Let f(w) = w**2 + 17*w - 38. Give f(-11).
-104
Let y(z) = -z**3 + 206*z**2 + 238*z - 6423. Determine y(207).
-6
Let k(f) = -81*f - 1666. Calculate k(-15).
-451
Let k(a) = a**3 + 212*a**2 - 869*a - 1046. Determine k(-216).
34
Let q(o) = -o**3 + 76*o**2 - 663*o + 227. Give q(66).
29
Let q(z) = -373*z + 6342. Give q(17).
1
Let x(v) = -5*v - 65. Give x(-21).
40
Let l(q) = -q**3 - 20*q**2 - 13*q - 28. Give l(-20).
232
Let s(l) = -l**3 - 18*l**2 - 24*l + 35. Determine s(-18).
467
Let y(b) = 2*b**2 + 1874*b - 15047. Calculate y(8).
73
Let d(i) = 5*i**3 + 69*i**2 + 9*i - 48. What is d(-14)?
-370
Let p(l) = -58*l + 2724. What is p(47)?
-2
Let s(r) = 3*r**2 + 4*r - 34. What is s(8)?
190
Let l(h) = h**3 - 11*h**2 + 14*h - 1. What is l(9)?
-37
Let n(p) = p**3 + 67*p**2 + 1121*p + 44. Determine n(-32).
12
Let b(f) = 34*f + 113. Determine b(-3).
11
Let c(s) = 95*s + 566. Determine c(-6).
-4
Let v(b) = -853*b + 35004. What is v(41)?
31
Let j(z) = z**2 - 8*z - 1258. Calculate j(-31).
-49
Let r(h) = h**2 + 54*h + 8. Give r(-7).
-321
Let y(s) = -49*s + 696. Give y(14).
10
Let p(i) = i**3 + 4*i**2 - 3131*i - 9403. Determine p(-3).
-1
Let m(l) = -2*l**2 + 53*l - 190. Determine m(22).
8
Let k(m) = m**3 - 9*m**2 + 9*m + 9. Calculate k(7).
-26
Let i(l) = l**2 + 25*l - 112. Give i(-29).
4
Let h(v) = 231*v - 4511. What is h(19)?
-122
Let w(d) = 2*d**2 - 20*d + 106. Determine w(6).
58
Let g(t) = 2*t**2 + 2*t - 615. Determine g(-18).
-3
Let b(v) = -v**3 - 11*v**2 - 11*v + 37. Give b(-9).
-26
Let f(v) = 156*v + 1870. Give f(-12).
-2
Let l(q) = 3*q + 66. Give l(13).
105
Let b(x) = -98*x - 3413. Give b(-35).
17
Let t(r) = -11*r**2 + 287*r - 288. Give t(1).
-12
Let l(n) = -172*n + 3433. Calculate l(20).
-7
Let b(i) = -2*i**2 + 205*i + 390. Determine b(105).
-135
Let b(g) = -g**3 - 37*g**2 - 47*g - 384. Give b(-36).
12
Let k(c) = 48*c**2 + 151*c + 106. Determine k(-1).
3
Let n(u) = 196*u - 6226. Give n(32).
46
Let y(n) = -n - 41. Give y(-11).
-30
Let f(z) = -z**3 - 55*z**2 + 8946*z - 2. Calculate f(-126).
-2
Let u(k) = 3*k**2 - 58*k + 481. Give u(9).
202
Let u(p) = 171*p - 2936. Determine u(17).
-29
Let m(l) = l**3 - 3*l**2 - 158*l + 751. What is m(5)?
11
Let h(d) = -75*d + 163. Give h(0).
163
Let n(a) = -a**2 - 77*a - 1041. Determine n(-45).
399
Let c(h) = 17*h**2 + 15*h - 8. Calculate c(-3).
100
Let v(s) = 21*s - 279. Give v(15).
36
Let s(h) = 23*h**2 - 1180*h + 1180. Calculate s(1).
23
Let w(s) = 2*s**2 + 14*s - 77. What is w(6)?
79
Let t(j) = -3*j**2 + 1843*j - 9181. Determine t(5).
-41
Let s(f) = f**3 + 12*f**2 + 22*f - 14. What is s(-10)?
-34
Let q(y) = y**2 - 957*y - 5790. What is q(-6)?
-12
Let u(c) = -c**2 + 17*c - 135. Calculate u(10).
-65
Let j(q) = 3*q**2 + 4*q - 83. Determine j(-5).
-28
Let n(a) = 138*a**2 - 832*a + 6. Give n(6).
-18
Let o(w) = -w**2 - 64*w + 1783. What is o(-85)?
-2
Let f(r) = -665*r - 5317. What is f(-8)?
3
Let m(t) = 153*t - 15. Calculate m(-1).
-168
Let j(c) = 2*c**3 + 135*c**2 - 66*c + 134. What is j(-68)?
-2
Let m(z) = -411*z - 2466. Give m(-6).
0
Let c(g) = -g**3 + 10*g**2 - 17*g - 20. Give c(4).
8
Let p(g) = 22*g + 79. Determine p(4).
167
Let p(q) = q**3 - 22*q**2 - 20*q + 76. What is p(23)?
145
Let f(t) = 25*t**3 + 3*t**2 - 14*t + 20. Give f(2).
204
Let p(w) = 477*w + 6355. Calculate p(-13).
154
Let r(w) = -3*w**3 - 74*w**2 - 115*w - 2. Calculate r(-23).
-2
Let i(a) = -5*a + 61. Give i(-2).
71
Let l(c) = 7*c - 16. Give l(-2).
-30
Let o(n) = -4*n**3 - 8*n**2 - 11*n + 31. Give o(3).
-182
Let j(q) = 3*q**3 + 4*q**2 - 4*q - 6. Give j(-2).
-6
Let a(w) = -2*w**3 + 10*w**2 - 7*w + 48. What is a(5)?
13
Let k(o) = 1269*o - 7609. Calculate k(6).
5
Let f(q) = -3*q**2 + 15*q - 60. Determine f(6).
-78
Let m(c) = -c**2 - 15*c + 65. What is m(-18)?
11
Let c(s) = -907*s**2 - 11789*s + 14. What is c(-13)?
-12
Let z(y) = 270*y - 1359. What is z(5)?
-9
Let a(m) = 2*m**2 + 16*m - 1. Determine a(-8).
-1
Let q(r) = -r**2 + 25*r + 262. Determine q(-7).
38
Let b(g) = g**2 - 64*g - 359. What is b(-5)?
-14
Let n(y) = -3*y**2 - 131*y + 42. Give n(-44).
-2
Let n(a) = a + 90. Give n(-39).
51
Let j(w) = w**3 - 46*w**2 - 33. Calculate j(46).
-33
Let k(u) = -u**3 + 10*u**2 + 53*u - 8. Give k(-4).
4
Let t(v) = 4*v**2 - 59*v - 10. Determine t(18).
224
Let w(z) = -6*z**2 - 71*z + 632. What is w(8)?
-320
Let p(v) = v**3 + 5*v**2 + 298*v + 1247. Determine p(-4).
71
Let b(w) = -9*w**2 - 484*w + 119. What is b(-54)?
11
Let c(u) = -72*u - 51. Calculate c(-2).
93
Let t(h) = -h**3 - 118*h**2 + 368*h + 596. Give t(-121).
-9
Let t(r) = r**3 - 19*r**2 + 37*r + 39. Give t(17).
90
Let p(n) = -n**2 - 64*n + 6537. Give p(-119).
-8
Let b(p) = p**2 - 47*p + 463. Determine b(33).
1
Let f(d) = -167*d + 11694. Determine f(70).
4
Let c(m) = 4*m**2 + 81*m + 161. Determine c(-18).
-1
Let o(s) = -2*s**2 - 29*s + 29. Give o(0).
29
Let p(w) = w**3 - 7*w**2 - 16*w - 38. Determine p(9).
-20
Let k(i) = -124*i**2 - 998*i - 998. Calculate k(-1).
-124
Let b(a) = 9*a**3 + 502*a**2 + 386*a + 37. Calculate b(-55).
-18
Let a(l) = -24*l**3 + 153*l**2 - 59*l + 31. Calculate a(6).
1
Let n(l) = 151*l + 101. Calculate n(-5).
-654
Let y(r) = -r**3 - 5*r**2 + 2*r. Calculate y(-5).
-10
Let q(m) = 2*m**3 + 2*m**2 - 13*m - 23. Calculate q(-4).
-67
Let v(c) = -c**3 + 51*c**2 + 50*c + 98. What is v(52)?
-6
Let a(y) = -11*y**2 + 34*y + 111. Calculate a(-5).
-334
Let o(w) = -27*w - 30. Give o(-4).
78
Let s(t) = t**2 - t + 5. Calculate s(8).
61
Let i(p) = -211*p - 5231. Give i(-25).
44
Let h(m) = -3*m**3 - 49*m**2 - 8*m + 4. Calculate h(-16).
-124
Let q(y) = y**3 + 86*y**2 + 81*y - 259. Give q(-85).
81
Let p(k) = -36*k + 424. Calculate p(12).
-8
Let w(k) = -k**2 - 191*k - 1638. What is w(-9)?
0
Let x(n) = -3*n**2 - 868*n + 48578. Give x(48).
2
Let f(b) = -2*b**2 - 17*b - 32. Calculate f(-5).
3
Let z(n) = -17*n - 1504. What is z(-89)?
9
Let r(w) = 809*w - 3196. Calculate r(4).
40
Let d(n) = -1064*n + 34052. What is d(32)?
4
Let n(z) = z**2 + 27*z - 498. Determine n(-39).
-30
Let o(a) = 2*a**2 - 15*a - 19. Give o(7).
-26
Let j(c) = -83*c + 511. Calculate j(4).
179
Let z(f) = f**3 + 71*f**2 - 65*f + 502. Determine z(-72).
-2
Let l(q) = q**2 - 28*q + 346. Calculate l(13).
151
Let y(w) = -w**3 - 2*w**2 + 3*w + 33. Determine y(5).
-127
Let y(z) = -8*z + 308. Calculate y(-18).
452
Let p(g) = -6*g**3 + 187*g**2 - 32*g + 23. Calculate p(31).
-8
Let p(u) = u**3 - 26*u**2 + 47*u + 16. Determine p(24).
-8
Let l(u) = -307*u + 877. Give l(3).
-44
Let j(p) = -10*p**2 + 371*p - 40. What is j(37)?
-3
Let h(o) = -o**3 + 11*o**2 - 2*o - 1. Calculate h(11).
-23
Let o(i) = 7*i**3 - 180*i**2 - 51*i - 44. Calculate o(26).
-18
Let v(s) = -80*s - 334. Determine v(-4).
-14
Let h(t) = t**2 + 27*t - 3120. Determine h(44).
4
Let m(a) = -3*a**2 + 40*a - 25. Determine m(14).
-53
Let w(v) = -42*v + 1028. Give w(30).
-232
Let q(a) = 2*a**2 + 21*a + 23. Calculate q(0).
23
Let u(b) = 3956*b + 15817. Calculate u(-4).
-7
Let o(t) = 79*t - 1253. What is o(16)?
11
Let p(a) = -695*a - 22923. Determine p(-33).
12
Let x(p) = p**3 + 40*p**2 - 3*p - 48. Give x(-40).
72
Let v(i) = -i**3 - 5*i**2 - 5*i + 13. Give v(-6).
79
Let c(k) = -6*k - 107. Give c(0).
-107
Let j(v) = v - 181. Determine j(0).
-181
Let x(m) = -21*m**2 - 2*m - 11. Calculate x(-3).
-194
Let c(v) = v**2 - 43*v + 311. What is c(10)?
-19
Let k(r) = 4*r**2 + 969*r - 2940. Determine k(3).
3
Let b(o) = o**3 + 64*o**2 + 59*o - 213. Determine b(-63).
39
Let d(v) = 11368*v + 11368. Give d(-1).
0
Let q(y) = 171*y + 314. Give q(-2).
-28
Let p(d) = 273*d + 401. What is p(-1)?
128
Let d(j) = -j**3 - 50*j**2 + 24*j - 1376. Determine d(-51).
1
Let x(n) = n**3 